r of 264494909?
False
Does 822 divide 276513239?
False
Does 148 divide 4830276?
True
Is 1817128 a multiple of 381?
False
Is 52704454 a multiple of 1114?
True
Is 474 a factor of 1239899?
False
Does 163 divide 412613835?
False
Is 589018 a multiple of 4?
False
Is 283757495 a multiple of 5?
True
Does 18 divide 7318422?
True
Is 60 a factor of 1325614634?
False
Is 23956816 a multiple of 52?
True
Is 7667325 a multiple of 15?
True
Does 52 divide 96443236?
False
Is 15 a factor of 116577247?
False
Is 29686883 even?
False
Is 6492091 a multiple of 707?
False
Does 74 divide 734139718?
True
Is 28 a factor of 56854476?
True
Does 28 divide 129127740?
True
Is 4420716586 a multiple of 5434?
True
Is 78 a factor of 108442939?
False
Is 13 a factor of 65081615?
False
Is 166 a factor of 76662950?
True
Does 55 divide 2473026787?
False
Is 17 a factor of 1156716?
False
Is 8299 a factor of 1736457863?
True
Does 807 divide 585004791?
True
Does 8 divide 58121376?
True
Is 3498 a factor of 33251988?
True
Does 122 divide 2182583294?
True
Is 29 a factor of 54541895?
True
Does 193 divide 2618535077?
False
Does 7 divide 808626621?
False
Is 317 a factor of 168872533?
False
Is 1218401386 a multiple of 116?
False
Does 1234 divide 3419414?
True
Does 15 divide 62123572?
False
Does 6 divide 447414285?
False
Does 239 divide 1312593703?
False
Is 30 a factor of 2488134?
False
Is 110 a factor of 127929427?
False
Is 564 a factor of 50813421?
False
Is 2525 a factor of 469582791?
False
Is 683 a factor of 55642316?
False
Is 1380 a factor of 2444514720?
False
Is 68 a factor of 1269777396?
True
Is 2225267765 a multiple of 581?
True
Is 57713721 a multiple of 90?
False
Is 36 a factor of 10500804?
True
Is 7658679 a multiple of 46?
False
Is 103760787 a multiple of 9?
False
Does 5 divide 30508105?
True
Is 3 a factor of 77926776?
True
Is 73350443 a multiple of 20?
False
Is 672 a factor of 35347872?
True
Does 8 divide 17170943?
False
Is 8554 a factor of 504001680?
True
Does 60 divide 11481089?
False
Is 2142006494 a multiple of 176?
False
Is 57189130 a multiple of 898?
True
Is 45595596 a multiple of 2148?
True
Does 1026 divide 35337492?
True
Is 86982834 a multiple of 47?
False
Is 75048875 a multiple of 16?
False
Does 3478 divide 82538256?
False
Is 39162186 a multiple of 34?
True
Is 1512 a factor of 64340136?
True
Is 2679 a factor of 1149384527?
False
Is 264578451 a multiple of 277?
False
Does 6 divide 747288?
True
Is 132453502 a multiple of 4979?
False
Does 3 divide 222129239?
False
Does 88 divide 20587651?
False
Is 211247680 a multiple of 64?
True
Does 1612 divide 13179210?
False
Does 9 divide 31700925?
True
Is 470866545 a multiple of 4496?
False
Does 25 divide 90492675?
True
Is 11 a factor of 7206540?
True
Is 4970722 a multiple of 45?
False
Is 110918366 a multiple of 871?
True
Is 35836351 a multiple of 278?
False
Does 56 divide 18399248?
True
Is 42299126 a multiple of 9?
False
Is 202026915 a multiple of 885?
True
Is 45 a factor of 6332085?
True
Is 14352 a factor of 34401744?
True
Does 215 divide 9817545?
True
Does 91 divide 135223202?
False
Is 9498998 a multiple of 287?
False
Is 54602334 a multiple of 9?
True
Does 177 divide 128184993?
True
Is 114 a factor of 1900811262?
True
Is 2303867656 a multiple of 887?
False
Is 107 a factor of 19656542?
True
Is 1215 a factor of 78233850?
True
Does 3375 divide 1952430?
False
Does 10 divide 66476850?
True
Does 1347 divide 102992961?
False
Is 1239440951 a multiple of 23?
True
Is 157 a factor of 1722250850?
False
Does 21 divide 26052703?
False
Does 33 divide 21449483?
False
Is 235382 a multiple of 322?
True
Is 42726830 a multiple of 1326?
False
Does 119 divide 144307611?
True
Is 4274 a factor of 705892928?
False
Is 256 a factor of 67721472?
True
Does 3 divide 115320269?
False
Is 239 a factor of 17757232?
False
Is 10 a factor of 39473833?
False
Does 9 divide 903288623?
False
Does 111 divide 348388041?
True
Does 40 divide 199362080?
True
Does 3228 divide 386409934?
False
Is 500462994 a multiple of 983?
True
Does 8210 divide 1957953640?
True
Is 69707992 a multiple of 292?
True
Is 11718949 a multiple of 1583?
True
Does 814 divide 79464408?
False
Does 1021 divide 128053987?
False
Is 123047109 a multiple of 1404?
False
Is 237 a factor of 450538896?
True
Is 15369109 a multiple of 502?
False
Is 175521066 a multiple of 7?
True
Does 4 divide 4458364?
True
Is 348323821 a multiple of 67?
True
Is 3318033 a multiple of 7?
False
Is 28606276 a multiple of 69?
False
Is 313 a factor of 680659837?
False
Does 93 divide 167292261?
False
Is 209725764 a multiple of 66?
False
Does 3 divide 4247179?
False
Does 6 divide 294246302?
False
Does 30 divide 3018692878?
False
Is 43 a factor of 9979582?
False
Is 43 a factor of 9235239?
True
Is 6292548 a multiple of 48?
False
Is 2993570851 a multiple of 85?
False
Does 1229 divide 2043827?
True
Does 65 divide 92990686?
False
Is 1224981988 a multiple of 62?
True
Does 43 divide 9526483?
False
Does 70 divide 947615610?
False
Does 8 divide 7383161?
False
Does 4 divide 260246?
False
Is 160 a factor of 631247680?
True
Is 545 a factor of 57131805?
True
Is 273 a factor of 743301701?
False
Does 761 divide 22985244?
True
Is 40217548 a multiple of 406?
True
Does 8 divide 8386161?
False
Does 4 divide 262450020?
True
Is 36686949 a multiple of 169?
False
Does 13 divide 6020948674?
True
Is 4109 a factor of 114576207?
False
Is 488675460 a multiple of 130?
True
Is 2 a factor of 647868?
True
Does 15 divide 78235771?
False
Is 7 a factor of 186554592?
True
Does 183 divide 1058207650?
False
Does 856 divide 99194992?
True
Does 82 divide 2526231041?
False
Does 291 divide 575013167?
False
Does 265 divide 612435381?
False
Does 108 divide 191169948?
False
Is 6739481758 a multiple of 17015?
False
Is 850315566 a multiple of 69?
True
Is 86 a factor of 761736056?
True
Does 998 divide 1451569927?
False
Is 18816867 a multiple of 798?
False
Does 108 divide 8624664?
True
Is 19312722 a multiple of 82?
True
Is 34195980 a multiple of 130?
True
Is 14 a factor of 860304026?
False
Is 913546 a multiple of 4?
False
Is 188132452 a multiple of 1748?
False
Does 482 divide 30732158?
False
Is 838796155 a multiple of 2228?
False
Is 18 a factor of 159659640?
True
Does 2 divide 162128800?
True
Does 57 divide 10460922?
False
Does 399 divide 3234294?
True
Does 4314 divide 519689461?
False
Does 352 divide 86032461?
False
Is 621914396 a multiple of 58?
True
Does 87 divide 98810511?
True
Is 1001 a factor of 986809950?
False
Is 148 a factor of 2057348?
True
Is 2637 a factor of 1403782486?
False
Is 22559851 a multiple of 170?
False
Is 81 a factor of 5115092?
False
Is 3951871815 a multiple of 220?
False
Does 20 divide 205499356?
False
Does 14 divide 22244388?
False
Is 606410904 a multiple of 8?
True
Is 17179698 a multiple of 1895?
False
Is 75 a factor of 624475350?
True
Is 1255 a factor of 103014398?
False
Is 6016073 a multiple of 304?
False
Does 63 divide 727396299?
True
Does 31 divide 542693571?
False
Does 76 divide 122533508?
True
Is 907 a factor of 134108814?
False
Is 5 a factor of 360299852?
False
Is 3286174340 a multiple of 10?
True
Does 316 divide 184322682?
False
Does 4816 divide 1125932640?
True
Is 185431819 a multiple of 38?
False
Does 726 divide 11917851?
False
Does 31 divide 33411769?
True
Is 60 a factor of 67392054?
False
Is 266 a factor of 6556900?
True
Does 26 divide 54102484?
False
Is 31435940 a multiple of 115?
True
Is 955 a factor of 35476433?
False
Is 319 a factor of 60301846?
True
Is 260211090 a multiple of 1375?
False
Does 5 divide 41018347?
False
Does 183 divide 33982917?
True
Does 75 divide 29635687?
False
Is 5641685 a multiple of 6?
False
Does 292 divide 37573192?
False
Is 9 a factor of 23624118?
True
Does 13 divide 18821504?
True
Is 86939268 a multiple of 156?
True
Is 904186201 a multiple of 218?
False
Is 2780902677 a multiple of 7?
True
Is 32459406 a multiple of 1832?
False
Is 66448210 a multiple of 4?
False
Is 6452758 a multiple of 86?
False
Is 41 a factor of 52470242?
True
Is 2363182640 a multiple of 2324?
True
Is 10 a factor of 5769044?
False
Is 54997898 a multiple of 48?
False
Is 745035928 a multiple of 2132?
True
Is 46651329 a multiple of 4?
False
Is 64 a factor of 93105138?
False
Is 934 a factor of 54109220?
False
Is 1522968303 a multiple of 104?
False
Does 3 divide 262